 - v - 14/(-3). What is z(t)?
22
Let u(c) be the first derivative of c**3/3 - 7*c**2 - 108*c - 6212. Determine u(20).
12
Let i be -4*117/36 - -19. Let h(c) = 2*c**2 - 5*c + 4. Suppose 4*w + 17 = -5*p, -5*p = -0*p - 2*w - 1. Let v(m) = m**2 - m. Let o(q) = p*h(q) + v(q). Give o(i).
-16
Let n(k) = 7*k**3 + 6*k**2 - 24*k - 7. Suppose 34 = -9*q + 26*q. Let f(s) = 3*s**3 + 3*s**2 - 11*s - 3. Let w(p) = q*n(p) - 5*f(p). Let b = -12 + 7. Give w(b).
16
Let y(p) be the second derivative of p**3/6 + 15*p**2/2 - 45*p. Let b(t) = 46*t + 452. Let x be b(-10). Determine y(x).
7
Let c(a) = -2*a**2 - a - 2. Let z(m) = m**2 + 2*m + 2. Let x(s) = -c(s) - 3*z(s). Let p be 1/(-2) + (-5)/(-2). Suppose -10 = p*g - 0*g. What is x(g)?
-4
Suppose 0*n - n - 45 = 0. Let u = 45 + n. Suppose -3*p + 5*p + 14 = u. Let s(k) = -k - 7. Give s(p).
0
Let s(f) = f**3 - f**2 - f + 3. Let h = 33 - 33. Let b be s(h). Suppose 0 = -5*x + 3*x + 2*p - 10, 3*x + b*p = 3. Let o(y) = 2*y + 3. What is o(x)?
-1
Let o be (2*2)/(2/12). Let r(d) = d**3 + 53 - 15 - 6*d + 4*d**2 - o - 17. Suppose 3*p = -4*k - 2*p + 5, 0 = -k + 4*p - 25. Give r(k).
2
Let z(g) be the third derivative of g**4/8 - 23*g**3/6 - 2*g**2 + 750*g. Calculate z(10).
7
Let v(r) = -2*r**2 + 35*r + 6. Let q be (-27)/21 + 24/84 - (0 + -19). What is v(q)?
-12
Let l(h) = -h**3 + 2*h**2 + 3*h + 3. Let q be l(3). Suppose 0*x + 3*f = q*x, -4*f + 9 = -x. Let p(g) = -g - 2 + 3 - g + g. Determine p(x).
-2
Let v(j) = -2*j**2 + j - 1. Let t(b) = b**3 + 4*b**2 - 5*b - 1. Let m(g) = t(g) + 4*v(g). Give m(4).
-9
Let f(v) = -v - 4. Let g = 119 + -114. Suppose -g*s - 23 = -5*w - 13, 5*s + 37 = -4*w. Calculate f(s).
1
Let x(r) = -r**2 + 8*r - 61. Let l be 116/4 - (-920)/(-46). What is x(l)?
-70
Let y be (-4 + 3/6)*(-84)/98. Let a(p) be the second derivative of 3*p + 0*p**4 + 0 + 1/3*p**y - 1/2*p**2 + 1/10*p**5. Calculate a(1).
3
Let z(q) = -q**2 + 16*q + 4. Let i be 0/(23/((-207)/18)). Give z(i).
4
Let u(c) = c**2 + 8*c + 10. Let p be u(-7). Let b(q) = -2*q**p + 11*q**3 - 8*q**3 + 0 + 12 - q. Let h(j) = -8*j + 72. Let s be h(9). Determine b(s).
12
Let m(n) = 1 + 8*n**2 + 2247*n**3 + 2249*n**3 - 4497*n**3 + 10*n. Calculate m(9).
10
Let x = -73 - -165. Suppose -3*p - p = 4*h - x, -3*p + h + 85 = 0. Suppose -22*g = -p*g + 20. Let u(d) = 5*d - 1. Give u(g).
19
Suppose 2*z + 6 = 5*y, 2*y - 3*z = -10 + 8. Let w(t) = 7*t + 5*t - 7*t - y*t. Determine w(4).
12
Let y(z) = 136*z**2 - 5*z - 277*z**2 + 142*z**2 - 9. Let r(n) = -n**2 - 10*n - 15. Let l be r(-7). What is y(l)?
-3
Let n be ((-11)/(924/(-48)))/(4/14). Let x(v) = 5*v - 1175*v**n + 1165*v**2 + 1 - 14*v - v**3. Give x(-9).
1
Let j(v) = 57*v - 55. Let r be j(1). Let c(s) = -195*s + 9. Let f be c(-4). Let t(k) = -k**r - 788 + f - 8*k**3 - k**2. What is t(-1)?
7
Let j(i) = -i**3 + 7*i**2 - 7*i + 9. Suppose -4*k + 18 = 2*q, 5*q - k - 36 = -2*k. Suppose 0 = 2*l - l + 3*t - 21, 5*t - q = 3*l. Calculate j(l).
3
Let p(r) = -12*r - 1. Let s(t) = 12*t + 1. Let c(w) = -5*p(w) - 4*s(w). Let j be (199/3)/(((-5)/3)/(-5)). Let n = -198 + j. Give c(n).
13
Let h(i) be the second derivative of 2*i**3/3 + 2*i. Let p(m) = -4*m + 40. Let n be p(12). Let v be 5*2*(n/2)/40. What is h(v)?
-4
Let n(i) = 3*i + 7. Let a = 18 + 150. Let l be a/14*2/(-4). What is n(l)?
-11
Let x(o) be the first derivative of o**4/4 - 4*o**3/3 - o**2 + o - 6. Let r(i) = -i**2 - 24*i + 215. Let n be r(7). Calculate x(n).
-19
Let l(z) be the first derivative of z**4/4 + 14*z**3/3 - 14*z - 1073. Determine l(-14).
-14
Let k(r) be the third derivative of r**6/120 - 2*r**5/5 - 10*r**4/3 - 14*r**3/3 - 3813*r**2. Determine k(27).
-1
Let y(b) = 4*b - 1. Let o(k) = k**3 - 9*k**2 + 5*k - 1. Suppose 4*x - 2*r = -10, -13*x - 4*r = -11*x. Let g(u) = x*y(u) + o(u). Calculate g(9).
-26
Let d(n) = n**2 - 43*n + 41. Let t = -27779 - -27821. Calculate d(t).
-1
Let t(c) = 0*c + 10 - 6*c - 22 + c. Let n(y) = 9*y + 22. Let l(z) = 4*n(z) + 7*t(z). What is l(6)?
10
Let v(i) = 12 - i - 6*i + 15*i - 9*i. Let f be 36*(9/(-36) - (-7)/12). Calculate v(f).
0
Let i(j) = -15*j**2 + 1. Let l be 7 + (-705)/(-25) - 4/20. Suppose -6 = -29*p + l*p. Determine i(p).
-14
Suppose 0 = 5*x - 182 + 162. Suppose -4*g - 20 = 5*p, 2*p + 2*g - 26 = x*p. Let y(w) = 3*w - 10. Let v(a) = 8*a - 29. Let k(o) = 4*v(o) - 11*y(o). Give k(p).
2
Let c = 9124 + -9123. Let x(b) = -9*b + 8. What is x(c)?
-1
Suppose 3*z + 3*a - 27 = 0, z + 4*a = 3*z + 6. Let q = -153 - -154. Let y(p) = -q + 1 - 3 + z*p + 4. Calculate y(2).
11
Let d(u) = -u + 2. Suppose -h - 19 = -5*t, 6*h - 2*t + 4 = 2*h. Let i(p) = p**3 + 4*p**2 - 7*p + 5. Let l(s) = h*i(s) - 5*d(s). What is l(-4)?
3
Let s(y) = 6*y**3 - 76*y**2 + 60*y - 84. Let z(k) = -k**3 + 15*k**2 - 12*k + 17. Let c(m) = -2*s(m) - 11*z(m). Give c(-14).
9
Let f be ((-1)/(-8)*-2)/(76/(-304)). Let v(o) = -4 + 8 + 9*o - 5. What is v(f)?
8
Suppose -2 = 3*l - 11. Let j(f) = 10*f + 14 + 8*f - 16 - 5*f. Calculate j(l).
37
Let p(j) = j**2 + 14*j - 4. Suppose 4*y + 32 = 5*x, 0 = 4*y - x - 736 + 768. Give p(y).
-52
Suppose 2*a - 69*n = -88*n + 103, 5*n = -3*a + 37. Let y = 5 - 2. Let w(o) = -3*o**y - o + 2*o**3 + 0*o + 4*o**2 - 1. Give w(a).
-5
Suppose -22*x - 13 = -23*x - 3*u, 5*u = -3*x + 27. Suppose 5*w + 2*b + 13 = 0, -x*w = w + b + 9. Let r(v) = v**2 + v - 1. Determine r(w).
-1
Suppose a + 3*a = -32. Let q(m) = -m - 7. Let h(g) = -g - 6. Let c = 266 + -264. Let t(f) = c*h(f) - 3*q(f). What is t(a)?
1
Let z(w) = -64061*w + 4 + 4 + 64063*w - 3 - 4 + 28*w**2. Determine z(-1).
27
Let r be (-16)/(-6)*(-1 - 28/(-16)). Let h(n) = 4*n**2 - 7*n + 8. Determine h(r).
10
Let z(v) = -v**2 + 22*v - 79. Let h be z(26). Let q = h - -183. Let f(r) = r**3 + r**2 - r + 49. Calculate f(q).
49
Suppose -3*h + 5*q = 73 - 67, 2*h + 4*q - 18 = 0. Let f(w) = -35*w + 13. Determine f(h).
-92
Let q be 5/30 - ((-482)/(-12) + -9). Let a(b) = -b**2 - 29*b + 81. Determine a(q).
19
Suppose 5*x + 4*z - 17 - 4 = 0, 0 = x + z - 4. Let r be 5 - (2 + -3 + x). Let t(a) be the first derivative of -9*a**2/2 + a - 2. Give t(r).
-8
Let r be ((-105)/126)/(2/(-12)). Let i(n) = n**2 + 2 - 943*n - 1 + 0*n**3 - r*n**3 + 942*n. Give i(1).
-4
Let l(w) = -735*w**3 - 16 + 5473*w - 5467*w + 3*w**2 + 734*w**3. What is l(2)?
0
Let w(x) = 5*x - 2. Let p = -30 + 30. Suppose p = 4*l - 2*d + 8, -5*l + 3*d = -2*d + 20. Suppose -2*t - 2*t - 12 = l. Determine w(t).
-17
Suppose 0 = -51*b + 35 + 67. Let k(z) be the first derivative of 24 - 7*z - 3/2*z**b. Calculate k(-5).
8
Let z(t) = 3*t - 20. Let y = 9613 + -9608. Calculate z(y).
-5
Let m(k) = 20 - 82*k**2 - 6*k**3 - 71*k**2 + 5*k**3 + 167*k**2 - 14*k. Calculate m(13).
7
Let x(o) = -116 + 21*o - 173 + 77 - 44 - 47. Calculate x(15).
12
Let f(w) = -w**2 + 4*w + 1. Let d(r) = 9*r**3 + 2*r + r**2 - 2 - 7*r**3 + r + 5*r**3. Let k be d(2). Let l be 8/(-6) - k/(-12). Give f(l).
1
Let y(t) = 457*t**2 - 3 + 463*t**2 + 462*t**2 - 1386*t**2 - 3*t. Determine y(-3).
-30
Let u(n) = 12*n + 3 - 17*n + 5. Let s(h) = -4*h + 8. Let f(k) = 4*s(k) - 3*u(k). Suppose 4*v = 5*d + 28, 22 - 8 = 2*v - 2*d. What is f(v)?
1
Let u(x) = x**3 + 13*x**2 - x - 18. Suppose -4*w - 89 + 229 = 0. Suppose -w*a - 214 - 241 = 0. Calculate u(a).
-5
Let h(b) be the third derivative of b**5/40 + b**4/8 - 5*b**3 - 75*b**2. Let a(k) be the first derivative of h(k). Determine a(-5).
-12
Let m(j) be the first derivative of -j**2 + 20549. Suppose 2*h + 7 - 1 = 0. Determine m(h).
6
Let s(z) = z - 16. Suppose 2*a = 0, -95*p - 11*a + 22 = -93*p. Determine s(p).
-5
Suppose -52 = 47*u - 51*u. Suppose 3*j - u = j + 3*m, 38 = 5*j - 2*m. Let f(r) = r**3 - 7*r**2 - 6*r. Give f(j).
16
Suppose z + 12*z + 217 - 113 = 0. Let h(w) = -5*w**2 - 37*w + 18. Determine h(z).
-6
Let w(i) = -30*i - 235. Let b(p) = 11*p + 94. Let g(k) = 15*b(k) + 6*w(k). Suppose -5*m + 4*m - 4 = 0. Let c(u) = -u - 3. Let r be c(m). What is g(r)?
-15
Suppose 3*i + 16 = 2*r, -3*i - 3*r - 6 = -0*i. Let l(s) be the second derivative of -s**3/2 + 3*s**2/2 + 5*s - 1. Determine l(i).
15
Let i(b) = -2*b**2 - 34*b - 150. Suppose 355*x = -531 - 199 - 2110. What is i(x)?
-6
Let h = 118 + -117. Let t be (0/((-15)/3 - -4))/h. Let v(j) = -j**2 + j - 2. Give v(t).
-2
Let v(a) = -6*a - 27. Let j be 6/(-15) + (-15)/300*172. Determine v(j).
27
Let d(z) = -568*z + 569*z + 121 - 149. De